and 17180.
20
Calculate the greatest common divisor of 5139288 and 6180.
1236
What is the greatest common factor of 337824 and 138483?
621
What is the greatest common divisor of 2070472660 and 2776?
1388
Calculate the highest common factor of 7831 and 1616794.
41
Calculate the highest common divisor of 1049536 and 72.
8
Calculate the greatest common divisor of 61733 and 96876715.
8819
Calculate the highest common factor of 14739975 and 144325.
6275
What is the greatest common factor of 2510752 and 10106?
62
Calculate the highest common divisor of 183553 and 301885.
173
What is the greatest common divisor of 914957 and 460207?
1819
What is the greatest common divisor of 278 and 5948366?
278
Calculate the greatest common divisor of 2100819 and 1111701.
4227
Calculate the highest common factor of 104233 and 15.
1
Calculate the highest common divisor of 8175 and 77475.
75
What is the greatest common divisor of 925177 and 241181?
557
What is the greatest common divisor of 14994 and 522036?
306
Calculate the highest common divisor of 91488 and 707424.
96
Calculate the highest common factor of 30210 and 31944054.
6042
What is the greatest common divisor of 26257 and 209033?
341
Calculate the greatest common divisor of 27858025 and 650.
325
What is the greatest common factor of 53766 and 2969181?
927
Calculate the greatest common divisor of 2884 and 903196.
28
What is the highest common divisor of 1764343 and 3136?
49
Calculate the highest common divisor of 74 and 2967659.
37
What is the highest common divisor of 42306 and 9042?
66
What is the greatest common factor of 949 and 10857071?
73
What is the highest common divisor of 471 and 123815224?
157
What is the highest common factor of 118 and 13344974?
118
Calculate the highest common factor of 27378 and 6649812.
3042
What is the highest common divisor of 8090 and 1180?
10
Calculate the greatest common divisor of 2213514 and 16717.
229
What is the greatest common divisor of 541009 and 361375?
49
Calculate the highest common factor of 654 and 11424.
6
What is the highest common factor of 123119 and 44743?
101
Calculate the greatest common divisor of 36216 and 10939824.
72
What is the highest common factor of 12764514 and 252?
42
What is the highest common factor of 775551 and 44331?
21
Calculate the highest common factor of 1937563 and 3629.
19
Calculate the highest common factor of 274625533 and 2614.
1307
What is the highest common divisor of 138850 and 150?
50
Calculate the greatest common divisor of 46 and 350989660.
46
What is the highest common divisor of 98112159 and 18?
9
What is the highest common factor of 100810060 and 12922?
1846
Calculate the highest common factor of 17155 and 228655.
235
What is the highest common divisor of 37352 and 1181096?
1288
Calculate the greatest common divisor of 212760 and 722340.
180
Calculate the highest common divisor of 1338 and 19804853.
223
What is the highest common divisor of 6762 and 253950291?
3381
What is the highest common factor of 62 and 96024608?
62
What is the highest common factor of 21 and 108037468?
7
Calculate the highest common factor of 46032 and 8592.
48
What is the highest common factor of 2906176144 and 1486?
1486
Calculate the greatest common factor of 16616 and 92132.
124
What is the highest common factor of 3291072 and 4758?
366
What is the greatest common factor of 3166086 and 41160?
294
What is the highest common divisor of 9859154 and 3962?
566
What is the greatest common factor of 132 and 2704632?
12
Calculate the highest common factor of 33620 and 846324665.
8405
What is the greatest common divisor of 500 and 3500875?
125
Calculate the greatest common factor of 29655 and 1793139.
1977
Calculate the greatest common factor of 231 and 43396023.
33
What is the greatest common divisor of 97748656 and 16?
16
What is the highest common factor of 83 and 516996957?
83
What is the greatest common factor of 3216654 and 3420396?
6174
Calculate the greatest common divisor of 745638 and 37599.
453
What is the highest common divisor of 4028 and 445246?
38
What is the highest common factor of 41979885 and 34?
17
Calculate the highest common divisor of 47917321 and 291.
97
What is the greatest common factor of 117 and 27448590?
39
What is the highest common divisor of 45 and 2410287705?
45
What is the greatest common divisor of 2015 and 46465575?
65
Calculate the highest common divisor of 86 and 122547506.
86
What is the highest common factor of 53933 and 3044763?
4903
Calculate the highest common divisor of 33422187 and 51.
51
Calculate the greatest common factor of 1125 and 448925.
25
What is the greatest common factor of 22612874 and 1484?
106
What is the highest common factor of 1788 and 18751650?
894
What is the greatest common factor of 2586 and 56595903?
1293
What is the highest common factor of 114271637 and 17?
17
What is the greatest common divisor of 16124 and 927343643?
4031
Calculate the highest common factor of 4235 and 22165605.
385
Calculate the greatest common factor of 171 and 1109961.
171
What is the greatest common divisor of 1389350 and 185000?
1850
Calculate the highest common factor of 1323289044 and 12852.
4284
What is the highest common factor of 975 and 41869425?
975
Calculate the highest common factor of 130458130 and 860.
430
What is the highest common divisor of 7011304 and 41688?
1544
What is the greatest common factor of 4648 and 9401161?
581
What is the highest common divisor of 14 and 47326342?
14
What is the highest common factor of 4230940 and 24434?
1286
What is the greatest common factor of 32636439 and 1782?
891
What is the highest common factor of 8650 and 186550?
50
What is the highest common divisor of 32 and 15179984?
16
Calculate the greatest common factor of 28 and 36586900.
28
What is the highest common divisor of 120545 and 5815?
5
Calculate the highest common factor of 2229 and 1207855721.
743
Calculate the highest common divisor of 31050096 and 330.
66
Calculate the greatest common factor of 91206 and 114.
6
What is the highest common divisor of 69421 and 11517?
11
What is the greatest common factor of 753658 and 1946?
278
Calculate the greatest common factor of 48864 and 3968.
32
What is the greatest common factor of 4393609 and 15327?
131
Calculate the greatest common divisor of 23326793 and 98.
49
Calculate the greatest common divisor of 1424420 and 640.
20
Calculate the highest common divisor of 23351 and 6029474.
1229
What is the highest common factor of 1305052 and 5842?
254
Calculate the highest common divisor of 4069022 and 230.
46
Calculate the greatest common divisor of 49 and 1001127771.
49
Calculate the highest common divisor of 4952 and 29042242.
1238
What is the greatest common divisor of 71873 and 16072?
41
What is the greatest common factor of 3104549 and 124551?
4613
What is the greatest common divisor of 75435 and 1147575?
1605
What is the highest common factor of 27153 and 1227051?
63
What is the greatest common divisor of 2871 and 16181913?
957
What is the highest common divisor of 24 and 8474104?
8
Calculate the highest common factor of 28 and 1460270.
14
Calculate the greatest common divisor of 1075 and 16772725.
25
Calculate the highest common divisor of 11925 and 297225.
225
What is the highest common divisor of 1240132 and 348?
4
What is the greatest common factor of 12920 and 713640?
760
Calculate the greatest common divisor of 24 and 2236006.
2
Calculate the greatest common divisor of 2354944 and 24.
8
Calculate the highest common factor of 130096 and 249800582.
16262
What is the highest common factor of 55548 and 210636?
36
Calculate the highest common divisor of 135605 and 18796.
37
What is the greatest common factor of 80724480 and 92?
92
Calculate the greatest common factor of 10312 and 111985742.
2578
Calculate the highest common factor of 328 and 145103264.
328
What is the highest common factor of 60355661 and 141?
47
Calculate the greatest common factor of 3991 and 94133.
13
Calculate the greatest common divisor of 13294 and 1098710.
782
Calculate the highest common divisor of 3292080 and 33.
33
What is the greatest common factor of 1105093 and 1331?
121
Calculate the highest common factor of 948 and 208622884.
316
Calculate the highest common factor of 473270